ose 74*c + 2077 = 77*c + r*u, -5*u + 2769 = 4*c. What are the prime factors of c?
691
Suppose -2264*q + 2245*q + 321100 = 0. What are the prime factors of q?
2, 5, 13
Let n be (-88)/(-42) - (-24)/(-252). Suppose n*s - 1290 = 1082. List the prime factors of s.
2, 593
Let z be 4*2 - (23 + -9). Let x(h) = -4*h**3 - 3*h**2 - 16*h + 13. List the prime factors of x(z).
5, 173
Let q = 30010 + -16026. Suppose -20*p = -p - q. What are the prime factors of p?
2, 23
Let i be (-45)/10 + 3 - (-927)/2. Suppose x = -5, x - 73 = 4*b - i. List the prime factors of b.
2, 3
Let v be (124/(-186))/(1*(-2)/18). Suppose 4*a = -4*w + 4444, -11*a + 3*w = -v*a - 5515. List the prime factors of a.
2, 7, 79
Let n(i) = -10*i + 40. Let s be n(-9). Suppose 2*g = -8*g + s. Suppose -g*w + 1176 = -6*w. List the prime factors of w.
2, 3, 7
Suppose 404*s - 110520 = 398*s. What are the prime factors of s?
2, 3, 5, 307
Suppose -8*a = -11*a + 72. Let r = a - 46. Let s = r + 53. List the prime factors of s.
31
Let k(b) = -1698*b + 1288. What are the prime factors of k(-5)?
2, 4889
Let v be (-1*219)/((-24)/(-32)). Let x = -433 + 434. What are the prime factors of -2 + 2*(v/(-4) - x)?
2, 71
Let q(f) = -6021*f - 104. List the prime factors of q(-1).
61, 97
Suppose -7*u - 120717 = -58*u. What are the prime factors of u?
3, 263
Let a(w) = 124*w**2 + w**3 - 62*w**2 - 22 - 10*w - 58*w**2. List the prime factors of a(6).
2, 139
What are the prime factors of 21122/(-6 - (-578)/85 - 2/5)?
5, 59, 179
Let c = -185 + 223. Let k = 229 + c. List the prime factors of k.
3, 89
Suppose 269*p + 122*p + 155*p = 4376736. List the prime factors of p.
2, 3, 167
Let i = -1053 - -1053. Suppose 5*q + 3*f = 8259, 3*q - 2*f + 4*f - 4955 = i. List the prime factors of q.
3, 19, 29
Let q(f) be the third derivative of 7*f**6/360 - 3*f**5/20 - 7*f**4/24 - 9*f**2. Let s(p) be the second derivative of q(p). What are the prime factors of s(6)?
2, 3, 11
Suppose -8 = -2*y - 6*i + 7*i, 0 = 5*i. Suppose 0 = -4*f + 2*j + 3684, y*j = 3*f + j - 2757. What are the prime factors of f?
13, 71
Let t(g) = 9*g**2 - 3*g - 7. Let v(l) = l**3 + 5*l**2 + 7*l - 5. Let q be v(-6). Let j = q - -87. What are the prime factors of t(j)?
5
Let g = -18165 + 79230. What are the prime factors of g?
3, 5, 23, 59
Let r be -4 + (-8)/(-1) + 0. Suppose -i = -0*i + 4*t + 4, r*t = 2*i - 16. Suppose -2*q + i = -q. List the prime factors of q.
2
Suppose 3*i + 2*c = 9717, 29*c + 24 = 25*c. What are the prime factors of i?
3, 23, 47
Suppose 0*u = 2*u - 10. Suppose -u*q = -9*q - 3*n + 2964, -3700 = -5*q - 5*n. List the prime factors of q.
2, 3, 31
Let f be (-39)/6*2 + (-5 - -1). Let o(z) = -z**2 - 60*z + 38. What are the prime factors of o(f)?
769
List the prime factors of (131264/48)/(-14)*-69.
2, 23, 293
Suppose 0*m - 3*b = 3*m - 45, -2*b - 30 = -m. What are the prime factors of m/9 + -2 + 201718/198?
1019
Suppose -8 = -8*t + 6*t. Suppose -t*y - 110 = -5*y. Suppose 3*j - 157 = -4*l + 172, -l = j - y. List the prime factors of j.
3, 37
Let c(o) = -4*o + 77. Suppose 22 + 34 = y. Suppose -y*k + 60*k = 0. What are the prime factors of c(k)?
7, 11
Suppose 0 = 17*t + 18*t - 138075. List the prime factors of t.
3, 5, 263
Suppose 4*f = 2*f + 6. Suppose -f*r + 5*n + 1 = -2, 3*n = -r + 15. What are the prime factors of 3/((r/(-40))/(-3))?
2, 3, 5
Suppose 0*q = 5*q - 75. Let s(k) = 16*k - q - 7 + 28. What are the prime factors of s(4)?
2, 5, 7
Let w be (55/154 - 1/(-7))*-960. Let v = -204 - w. List the prime factors of v.
2, 3, 23
Suppose 4*n + 2*k = 6*k - 4, 3 = -n + 2*k. What are the prime factors of n/(-7) - 806/(-7)?
5, 23
What are the prime factors of (476/(-170) - 2/10) + 6607?
2, 13, 127
Let u = -245 - -250. Suppose y = 5*t + 411, 5*y + 4*t = u*t + 1935. List the prime factors of y.
2, 193
Let x(a) = -422*a + 1440. List the prime factors of x(-22).
2, 7, 383
Let a(c) = 9*c - 15*c + 9*c**2 - 8*c - 5. List the prime factors of a(-6).
13, 31
Let m(l) be the first derivative of l**4/2 - 20*l**3/3 - 5*l**2 - 6*l - 4. Let j(c) = -3*c + 83. Let f be j(24). List the prime factors of m(f).
2, 3, 7
Let y = -595 + 644. Let g = 3 - 0. Suppose 421 = g*z + y. What are the prime factors of z?
2, 31
Suppose n - 1744 = -3*k, -28*n - 6998 = -32*n - k. Suppose -d = -2*l - 454, 5*d + 4*l - 464 = n. What are the prime factors of d?
2, 223
Let t(c) = -5*c + 14. Let n be t(5). Let l(q) = 8*q**2 - 15*q - 8*q**2 - 16 - q**2. List the prime factors of l(n).
2, 7
Suppose -i + 2*a - 9511 = 0, 3*a + 5246 + 42374 = -5*i. Let q = i + 3211. List the prime factors of 4/(-30) - (-13)/((-975)/q).
2, 3, 7
Let v(o) = 60*o**2 - 51*o + 488. What are the prime factors of v(8)?
2, 5, 7
Suppose 9*x + 6 = 6*x, 3*u - 5*x - 127708 = 0. List the prime factors of u.
2, 21283
Suppose -4*t = 2*p - 772, -t = -0*t + p - 195. Suppose -l + 63 = -t. Suppose 4*w + 66 = l. List the prime factors of w.
47
Let v(y) be the third derivative of 0 + 13*y**2 - 5/24*y**4 - 1/60*y**5 + 11/3*y**3 + 0*y. List the prime factors of v(-6).
2
Suppose 4*q = 11*q + 210. Let r be 9*(24/q)/(4/(-10)). What are the prime factors of 2 + 0 - 1/(-2)*r?
11
Let g(y) = 80*y**2 - 81*y + 32. List the prime factors of g(9).
5783
Let y(d) = -51*d - 1. Let x be y(-2). Let c be (((-90)/(-35))/3)/(5/35). Let b = x + c. List the prime factors of b.
107
Let y = -229 + 229. Suppose y = -5*m + 5*w + 2635, -277 = -3*m - 4*w + 1332. What are the prime factors of m?
3, 59
Let x = 27 + -22. Suppose -x*o + 6*o = 0. Suppose 77 = 3*c + n, o = 2*c + n + 3*n - 68. What are the prime factors of c?
2, 3
Suppose 104*z + 47*z - 199980 = 1093184. List the prime factors of z.
2, 2141
Let n(s) = s**3 + 2*s**2 - 4*s + 1. Let o be (-18)/(-15)*20/8 - 6. Let y be n(o). Suppose y*j - 80 = 32. List the prime factors of j.
2, 7
Suppose 3*o - 4*i = 2, -2*o - 5*i = 2*o - 13. Suppose 4*a - o*a - l - 377 = 0, -176 = -a + 3*l. List the prime factors of a.
191
Let p(m) = 207*m + 49. Let q be p(3). Let d = -31 + q. What are the prime factors of d?
3, 71
Let v = 63 + -59. Let b be 1*0/v + 1 + 72. Suppose -3*m + b = -68. List the prime factors of m.
47
Let i(p) = -2*p**2 - 12*p + 2. Suppose -2*f + 5*l = 37, -25 = -f + 6*f + l. Let v be i(f). Let a(k) = 23*k - 7. What are the prime factors of a(v)?
3, 13
Let q(x) = -x**2 + 9*x + 28. Let d be q(10). Suppose -d*c + 3*c + 8715 = 0. What are the prime factors of c?
7, 83
Suppose 2*u - 130 = 8. Suppose r - 303 = -u. List the prime factors of r.
2, 3, 13
Let y(j) be the second derivative of 33*j + 0 - 23/6*j**3 - j**2 + 1/4*j**4. List the prime factors of y(10).
2, 17
Let w = -407 + 412. Suppose 0 = 5*m - 1007 + 97. Suppose w*g + 3*i = 603, -2*g + 68 = -i - m. What are the prime factors of g?
3, 41
Suppose -15*k + 8*k = -91. Suppose k*d - 1565 = 4623. What are the prime factors of d?
2, 7, 17
Suppose 5*g - 101 = 84. Suppose 9*f - g = 503. List the prime factors of f.
2, 3, 5
Let b = 109 + -107. Suppose -b*v + 534 = -v. Let m = -292 + v. What are the prime factors of m?
2, 11
Let g(q) = 20*q + 85. Let u(r) = 13*r + 57. Let m(j) = 5*g(j) - 8*u(j). Let x be (6/(-9))/((-6)/(-117)). What are the prime factors of m(x)?
3, 7
Let n(v) = v**2 - 9*v + 21. Let s be n(5). Let m be 5*s/((-3)/(-3 - 0)). Suppose -3*w - 2*h = h - 585, m*h + 189 = w. What are the prime factors of w?
2, 97
Suppose -48*j + 104*j = 2123464. List the prime factors of j.
7, 5417
Let g be (15/70*-8)/((-4)/(-70)). List the prime factors of (-8)/(-20) + (-9078)/g.
3, 101
Let x be (10/6)/(5/1140). Suppose -x = 75*r - 77*r. Suppose 13*g - r = 12*g. What are the prime factors of g?
2, 5, 19
Suppose -p - 4*q = -2*p - 21, 42 = -2*p + 5*q. Let j = -113 + 233. Let h = j + p. List the prime factors of h.
3, 11
Suppose 2*k - 8 = 0, 0 = n - 6*k + 2*k - 118. Suppose -o = -g - 2*o + n, -276 = -2*g - 4*o. What are the prime factors of g?
2, 5, 13
Suppose 3*s - 4*u = 723, u = -s - u + 241. Let p = -141 + s. List the prime factors of 7820/p - (-1)/(-5).
2, 3, 13
Suppose 49483 = 10*p - 119237. List the prime factors of p.
2, 3, 19, 37
Let k(u) = -u**3 + 30*u**2 + u - 12. Let h be k(30). Suppose 0 = -3*s + 3*a + h, 8*s - 2*a + 48 = 12*s. Suppose -s*j + 2728 = j. List the prime factors of j.
2, 31
Let l = 2560 + -1417. Let r = 2112 - l. What are the prime factors of r?
3, 17, 19
Let s = 449 